and 6090084.
252
Calculate the greatest common divisor of 7610941 and 18113.
59
Calculate the highest common divisor of 665 and 6855905.
35
Calculate the highest common factor of 5052588 and 12.
12
What is the highest common divisor of 108 and 36224388?
108
Calculate the greatest common divisor of 565742665 and 10.
5
What is the greatest common divisor of 18381 and 386188?
11
Calculate the greatest common divisor of 468074549 and 8313.
2771
Calculate the greatest common factor of 100 and 17663950.
50
What is the greatest common divisor of 169453521 and 54?
9
Calculate the highest common factor of 30600 and 3020400.
1800
What is the highest common divisor of 3303 and 15934773?
1101
What is the highest common factor of 4304766 and 848?
106
What is the highest common divisor of 28101 and 1560345?
1479
What is the highest common divisor of 165462516 and 9?
9
Calculate the greatest common divisor of 99 and 50090436.
99
What is the highest common factor of 576542 and 102?
2
What is the highest common factor of 518400820 and 49700?
9940
What is the highest common factor of 2352 and 4638732?
588
Calculate the greatest common factor of 1337 and 2080448209.
1337
What is the highest common factor of 272 and 900416?
16
What is the highest common factor of 85 and 284733?
17
What is the highest common divisor of 1779645 and 5?
5
Calculate the greatest common divisor of 814 and 2215190.
74
Calculate the highest common divisor of 583 and 1147503.
53
Calculate the highest common factor of 148181 and 1983201.
209
Calculate the greatest common divisor of 18306 and 46896243.
339
What is the greatest common factor of 6601875 and 24?
3
What is the greatest common divisor of 477290062 and 493?
493
Calculate the highest common divisor of 710130010 and 10.
10
Calculate the greatest common divisor of 3249 and 1290822.
57
What is the greatest common divisor of 29280 and 170415456?
5856
Calculate the greatest common factor of 3021 and 575262.
159
What is the greatest common divisor of 617685912 and 634?
634
Calculate the highest common divisor of 12755215 and 2585.
55
What is the greatest common factor of 350 and 269465?
35
Calculate the greatest common divisor of 8448382 and 11198.
1018
What is the greatest common divisor of 251010 and 5742?
18
What is the greatest common factor of 33847878 and 984?
246
What is the greatest common factor of 4991 and 722948489?
713
What is the greatest common divisor of 1737810 and 666?
18
Calculate the highest common factor of 6579 and 412947.
153
What is the greatest common divisor of 57794 and 617012?
814
What is the greatest common divisor of 16812 and 1012923?
4203
Calculate the greatest common divisor of 222650 and 523200.
50
What is the highest common divisor of 2160 and 54788112?
144
Calculate the greatest common factor of 24771 and 1768434.
1077
Calculate the highest common divisor of 437 and 673693.
23
What is the highest common divisor of 242731685 and 10045?
1435
Calculate the highest common factor of 22526632 and 466616.
9928
What is the greatest common divisor of 91728 and 25550?
14
What is the highest common divisor of 116 and 81631578?
58
What is the greatest common divisor of 23886 and 10531072?
2654
Calculate the highest common factor of 77089929 and 546.
21
Calculate the highest common divisor of 50011 and 45461.
13
Calculate the greatest common divisor of 1392455 and 25.
5
Calculate the greatest common factor of 81162 and 17034.
1002
Calculate the greatest common factor of 19909642 and 11266.
262
What is the highest common factor of 9399 and 156234?
39
Calculate the greatest common divisor of 1008 and 15445440.
144
What is the greatest common factor of 12818349 and 48?
3
What is the highest common factor of 7257106 and 2443?
349
Calculate the greatest common factor of 25368 and 136968174.
6342
Calculate the greatest common divisor of 4720 and 4472672.
944
What is the highest common factor of 14898105 and 753?
753
Calculate the highest common divisor of 252472 and 29032.
152
Calculate the highest common factor of 31896288 and 60.
12
Calculate the highest common factor of 858557 and 343.
7
Calculate the highest common factor of 739877 and 1457.
31
What is the greatest common divisor of 1300507 and 27690?
923
What is the greatest common divisor of 9503 and 1176825?
221
Calculate the highest common factor of 77382261 and 3834.
639
Calculate the highest common divisor of 914163 and 30426.
1383
Calculate the greatest common divisor of 81 and 626508.
27
Calculate the greatest common factor of 40 and 35509820.
20
Calculate the greatest common divisor of 13817881 and 11.
11
Calculate the greatest common factor of 51712 and 10028896.
3232
What is the highest common factor of 3161925 and 112815?
1035
Calculate the highest common factor of 188949413 and 29.
29
Calculate the highest common factor of 18363 and 6621.
3
Calculate the greatest common factor of 63 and 144966033.
9
Calculate the highest common divisor of 9461313 and 2502.
1251
What is the highest common divisor of 163680568 and 2440?
488
What is the highest common divisor of 4522721 and 14?
7
What is the greatest common factor of 817732 and 178712?
356
What is the highest common divisor of 495 and 67269195?
45
What is the greatest common divisor of 769255 and 2345947?
1123
Calculate the highest common factor of 88519 and 89216.
697
What is the highest common divisor of 1453 and 48255583?
1453
Calculate the greatest common divisor of 185331078 and 162.
162
What is the highest common factor of 176 and 159476848?
16
What is the greatest common factor of 51817211 and 2?
1
What is the greatest common divisor of 190 and 1508433655?
95
What is the highest common factor of 10650612 and 60?
12
What is the highest common factor of 484862956 and 54380?
10876
What is the greatest common factor of 508537 and 29502?
149
What is the greatest common factor of 152198022 and 13368?
3342
What is the greatest common factor of 14406 and 19308842?
4802
Calculate the highest common divisor of 80 and 9505230.
10
What is the highest common factor of 6876 and 6588?
36
What is the highest common factor of 154945016 and 1878?
626
What is the highest common factor of 115 and 278690?
5
What is the greatest common factor of 489184 and 5472?
32
Calculate the greatest common divisor of 165558 and 4.
2
What is the highest common factor of 28072891 and 385?
77
Calculate the highest common divisor of 68885921 and 2873.
2873
Calculate the highest common factor of 2989831 and 10088.
1261
What is the highest common divisor of 4311 and 3073264?
479
What is the highest common divisor of 57189 and 4323?
33
Calculate the highest common divisor of 5244 and 525262638.
2622
What is the greatest common divisor of 233 and 76813343?
233
Calculate the greatest common divisor of 60882111 and 6.
3
Calculate the highest common factor of 504 and 82814424.
168
What is the greatest common divisor of 6527 and 20894211?
107
Calculate the highest common divisor of 10 and 7022744.
2
What is the greatest common divisor of 155848 and 171281?
253
What is the highest common divisor of 80 and 818260256?
16
What is the greatest common divisor of 1255 and 64254745?
1255
What is the highest common divisor of 68706848 and 7504?
112
Calculate the highest common factor of 420534132 and 11871.
3957
What is the greatest common factor of 938 and 32774?
14
Calculate the highest common factor of 174 and 1659177.
87
What is the greatest common factor of 6600 and 457146525?
825
Calculate the greatest common factor of 1047140 and 54776.
164
What is the highest common factor of 68 and 31588822?
34
What is the highest common factor of 215 and 10638845?
215
Calculate the greatest common divisor of 1242440 and 86330.
890
Calculate the greatest common factor of 427 and 1632841.
7
What is the greatest common factor of 93 and 1060260?
3
Calculate the highest common factor of 32531212 and 56.
28
What is the highest common factor of 4249 and 10311?
7
What is the highest common factor of 2637 and 68598?
9
What is the highest common factor of 19592 and 26797640?
248
What is the greatest common divisor of 1214 and 141803091?
607
Calculate the highest common divisor of 134274175 and 175.
175
What is the highest common factor of 4560 and 714495?
285
Calcul